98620?
2, 3, 5, 7, 5711
What are the prime factors of 20780554?
2, 10390277
List the prime factors of 7316431.
7316431
List the prime factors of 508068.
2, 3, 11, 1283
List the prime factors of 224589.
3, 43, 1741
List the prime factors of 200466.
2, 3, 7, 37, 43
What are the prime factors of 4995035?
5, 999007
What are the prime factors of 9454136?
2, 1181767
What are the prime factors of 3454225?
5, 233, 593
What are the prime factors of 268033?
19, 14107
List the prime factors of 1071675.
3, 5, 11, 433
List the prime factors of 16063043.
16063043
What are the prime factors of 4142442?
2, 3, 690407
What are the prime factors of 2132871?
3, 13, 17, 3217
What are the prime factors of 1740304?
2, 108769
What are the prime factors of 262550?
2, 5, 59, 89
List the prime factors of 457030.
2, 5, 7, 6529
List the prime factors of 144330.
2, 3, 5, 17, 283
What are the prime factors of 167318?
2, 269, 311
List the prime factors of 1060415.
5, 23, 9221
List the prime factors of 6239423.
6239423
What are the prime factors of 824569?
31, 67, 397
List the prime factors of 34202337.
3, 13, 19, 101, 457
What are the prime factors of 6206413?
6206413
What are the prime factors of 262592?
2, 11, 373
List the prime factors of 991355.
5, 17, 107, 109
What are the prime factors of 33082917?
3, 7, 97, 109, 149
List the prime factors of 210244.
2, 52561
What are the prime factors of 25764559?
25764559
List the prime factors of 243015.
3, 5, 17, 953
List the prime factors of 10789043.
2251, 4793
List the prime factors of 109468.
2, 27367
What are the prime factors of 87186?
2, 3, 11, 1321
What are the prime factors of 567339?
3, 281, 673
What are the prime factors of 803068?
2, 7, 23, 29, 43
What are the prime factors of 210315?
3, 5, 7, 2003
What are the prime factors of 359846?
2, 179923
List the prime factors of 417370.
2, 5, 41737
What are the prime factors of 89694?
2, 3, 11, 151
What are the prime factors of 26378?
2, 11, 109
What are the prime factors of 560969?
560969
What are the prime factors of 1878412?
2, 43, 67, 163
List the prime factors of 10952637.
3, 773, 4723
What are the prime factors of 513506?
2, 7, 43, 853
List the prime factors of 4081106.
2, 53, 38501
What are the prime factors of 812158?
2, 17, 23887
List the prime factors of 353182.
2, 176591
What are the prime factors of 6253573?
6253573
List the prime factors of 549271.
19, 28909
What are the prime factors of 24612562?
2, 13, 19, 49823
What are the prime factors of 10676245?
5, 31, 68879
What are the prime factors of 3248485?
5, 649697
List the prime factors of 34438123.
59, 583697
What are the prime factors of 169711?
17, 67, 149
List the prime factors of 263450.
2, 5, 11, 479
What are the prime factors of 512425?
5, 103, 199
What are the prime factors of 209704?
2, 11, 2383
What are the prime factors of 5863586?
2, 2931793
List the prime factors of 1975877.
467, 4231
List the prime factors of 335909.
7, 47, 1021
What are the prime factors of 302755?
5, 151, 401
What are the prime factors of 7111679?
31, 229409
What are the prime factors of 169396?
2, 42349
What are the prime factors of 7535903?
107, 70429
What are the prime factors of 3947488?
2, 281, 439
What are the prime factors of 16534150?
2, 5, 330683
What are the prime factors of 33978235?
5, 6795647
What are the prime factors of 1668994?
2, 834497
What are the prime factors of 7084?
2, 7, 11, 23
List the prime factors of 59149.
59149
List the prime factors of 407200.
2, 5, 509
List the prime factors of 2134265.
5, 7, 17, 211
What are the prime factors of 1029723?
3, 47, 67, 109
What are the prime factors of 2398137?
3, 7, 114197
List the prime factors of 24089561.
17, 1417033
List the prime factors of 101385.
3, 5, 751
List the prime factors of 444096.
2, 3, 257
What are the prime factors of 318?
2, 3, 53
List the prime factors of 798340.
2, 5, 179, 223
What are the prime factors of 24082?
2, 12041
List the prime factors of 1371372.
2, 3, 114281
List the prime factors of 1180319.
7, 168617
What are the prime factors of 2821482?
2, 3, 156749
List the prime factors of 1311077.
643, 2039
List the prime factors of 255178.
2, 7, 11, 1657
List the prime factors of 130551.
3, 43517
List the prime factors of 421560.
2, 3, 5, 1171
List the prime factors of 30815440.
2, 5, 385193
List the prime factors of 5675560.
2, 5, 11, 12899
What are the prime factors of 1369318?
2, 41, 16699
What are the prime factors of 4292800?
2, 5, 2683
What are the prime factors of 127902?
2, 3, 21317
List the prime factors of 172817.
43, 4019
What are the prime factors of 32118228?
2, 3, 297391
What are the prime factors of 171358?
2, 11, 7789
What are the prime factors of 7366105?
5, 1473221
What are the prime factors of 6603939?
3, 17, 2539
What are the prime factors of 8758098?
2, 3, 79, 2053
List the prime factors of 24482072.
2, 3060259
What are the prime factors of 268094?
2, 134047
What are the prime factors of 2221091?
101, 21991
List the prime factors of 9346.
2, 4673
List the prime factors of 292144.
2, 19, 31
What are the prime factors of 182427?
3, 7, 17, 73
What are the prime factors of 6010762?
2, 3005381
What are the prime factors of 92319?
3, 30773
List the prime factors of 19352127.
3, 19, 107, 167
List the prime factors of 88506.
2, 3, 11, 149
List the prime factors of 973518.
2, 3, 7, 13, 1783
List the prime factors of 96978.
2, 3, 7, 2309
What are the prime factors of 449739?
3, 16657
What are the prime factors of 4788311?
11, 71, 6131
What are the prime factors of 3837033?
3, 47, 193
What are the prime factors of 214051?
214051
List the prime factors of 991098.
2, 3, 55061
What are the prime factors of 4810504?
2, 601313
List the prime factors of 196602.
2, 3, 7, 31, 151
What are the prime factors of 2361488?
2, 37, 3989
List the prime factors of 68086.
2, 59, 577
List the prime factors of 661254.
2, 3, 11, 43, 233
What are the prime factors of 30009894?
2, 3, 23, 217463
What are the prime factors of 10242602?
2, 17, 71, 4243
List the prime factors of 1845647.
29, 31, 2053
What are the prime factors of 7710009?
3, 41, 62683
List the prime factors of 240792.
2, 3, 79, 127
What are the prime factors of 279601?
7, 59, 677
What are the prime factors of 4727701?
11, 429791
List the prime factors of 42449.
11, 17, 227
List the prime factors of 33050268.
2, 3, 83, 1229
What are the prime factors of 4590441?
3, 510049
List the prime factors of 15513.
3, 5171
List the prime factors of 365354.
2, 11, 16607
List the prime factors of 4923752.
2, 311, 1979
What are the prime factors of 10510?
2, 5, 1051
What are the prime factors of 853550?
2, 5, 43, 397
What are the prime factors of 322000?
2, 5, 7, 23
List the prime factors of 11370828.
2, 3, 7, 135367
What are the prime factors of 10996522?
2, 5498261
What are the prime factors of 354813?
3, 101, 1171
List the prime factors of 2798402.
2, 1399201
List the prime factors of 1050053.
1050053
List the prime factors of 872933.
17, 51349
List the prime factors of 199737.
3, 22193
List the prime factors of 1378775.
5, 131, 421
What are the prime factors of 168002?
2, 167, 503
List the prime factors of 88291.
7, 12613
What are the prime factors of 520949?
11, 13, 3643
What are the prime factors of 620608?
2, 9697
List the prime factors of 1199082.
2, 3, 23, 8689
What are the prime factors of 16894940?
2, 5, 17, 37, 79
List the prime factors of 303131.
107, 2833
What are the prime factors of 6282525?
3, 5, 211, 397
What are the prime factors of 16051014?
2, 3, 7, 42463
List the prime factors of 1416536.
2, 11, 16097
What are the prime factors of 20070040?
2, 5, 53, 9467
What are the prime factors of 181676?
2, 11, 4129
What are the prime factors of 127619?
17, 7507
List the prime factors of 620260.
2, 5, 31013
List the prime factors of 114926.
2, 7, 8209
List the prime factors of 1731215.
5, 151, 2293
List the prime factors of 122994.
2, 3, 6833
List the prime factors of 2462828.
2, 173, 3559
List the prime factors of 4170789.
3, 7, 239, 277
What are the prime factors of 5747201?
5747201
What are the prime factors of 1012539?
3, 11, 61, 503
List the prime factors of 387098.
2, 193549
List the prime factors of 2329475.
5, 93179
List the prime factors of 12304410.
2, 3, 5, 29, 14143
List the prime facto